e factors of 323322.
2, 3, 53887
What are the prime factors of 33576785?
5, 11, 17, 35911
List the prime factors of 9919808.
2, 23, 293
What are the prime factors of 285757?
285757
List the prime factors of 8355127.
11, 759557
What are the prime factors of 223468?
2, 7, 23, 347
List the prime factors of 648742.
2, 547, 593
What are the prime factors of 7593752?
2, 73, 13003
List the prime factors of 821968.
2, 7, 41, 179
List the prime factors of 604090.
2, 5, 193, 313
List the prime factors of 2457269.
761, 3229
List the prime factors of 14806424.
2, 1850803
What are the prime factors of 169930?
2, 5, 16993
What are the prime factors of 4183302?
2, 3, 697217
List the prime factors of 7070449.
31, 61, 3739
List the prime factors of 4076293.
13, 313561
What are the prime factors of 84886?
2, 42443
List the prime factors of 1497446.
2, 748723
What are the prime factors of 69269?
113, 613
List the prime factors of 2477301.
3, 83, 9949
List the prime factors of 39542.
2, 17, 1163
What are the prime factors of 139847?
109, 1283
What are the prime factors of 2634578?
2, 19, 41, 89
List the prime factors of 1046721.
3, 13, 26839
What are the prime factors of 771524?
2, 13, 37, 401
What are the prime factors of 38876654?
2, 17, 157, 7283
What are the prime factors of 13565591?
13, 29, 35983
What are the prime factors of 8668122?
2, 3, 1444687
What are the prime factors of 85291?
19, 67
What are the prime factors of 6275900?
2, 5, 97, 647
What are the prime factors of 185275?
5, 7411
What are the prime factors of 154121?
11, 14011
List the prime factors of 1795944.
2, 3, 74831
What are the prime factors of 40724?
2, 10181
What are the prime factors of 192742?
2, 11, 8761
List the prime factors of 27086879.
2309, 11731
List the prime factors of 115583.
13, 17, 523
List the prime factors of 3022041.
3, 11, 91577
What are the prime factors of 16990960?
2, 5, 7, 30341
What are the prime factors of 10707462?
2, 3, 31, 619
List the prime factors of 966616.
2, 7, 41, 421
What are the prime factors of 19971336?
2, 3, 7, 11, 101, 107
List the prime factors of 4833887.
23, 210169
List the prime factors of 388233.
3, 4793
List the prime factors of 449672.
2, 56209
List the prime factors of 2178592.
2, 13, 5237
List the prime factors of 15115965.
3, 5, 1007731
What are the prime factors of 7573161?
3, 311, 8117
List the prime factors of 4292109.
3, 17, 1039
List the prime factors of 649919.
29, 73, 307
What are the prime factors of 16365509?
17, 962677
List the prime factors of 108477.
3, 17, 709
List the prime factors of 27745544.
2, 23, 150791
List the prime factors of 175162.
2, 13, 6737
What are the prime factors of 154546?
2, 7, 19, 83
List the prime factors of 674654.
2, 337327
What are the prime factors of 1353676?
2, 17, 1171
List the prime factors of 8474346.
2, 3, 31, 15187
List the prime factors of 471517.
97, 4861
What are the prime factors of 133032?
2, 3, 23, 241
What are the prime factors of 69246?
2, 3, 3847
List the prime factors of 363332.
2, 90833
What are the prime factors of 15542578?
2, 1187, 6547
What are the prime factors of 1768123?
7, 252589
List the prime factors of 481305.
3, 5, 11, 2917
What are the prime factors of 1884413?
23, 81931
What are the prime factors of 2325708?
2, 3, 7, 11, 839
What are the prime factors of 5022601?
2113, 2377
What are the prime factors of 364113?
3, 23, 1759
What are the prime factors of 7093160?
2, 5, 383, 463
List the prime factors of 385039.
385039
List the prime factors of 363001.
17, 131, 163
What are the prime factors of 34738696?
2, 67, 64811
List the prime factors of 30504.
2, 3, 31, 41
What are the prime factors of 11312853?
3, 47, 80233
List the prime factors of 8897423.
8897423
List the prime factors of 1111358.
2, 17, 32687
List the prime factors of 2644536.
2, 3, 251, 439
What are the prime factors of 1384273?
11, 61, 2063
What are the prime factors of 71180?
2, 5, 3559
What are the prime factors of 2002435?
5, 47, 8521
List the prime factors of 95657.
23, 4159
List the prime factors of 2883872.
2, 90121
What are the prime factors of 3307264?
2, 12919
List the prime factors of 1594972.
2, 181, 2203
What are the prime factors of 383030?
2, 5, 38303
List the prime factors of 9003099.
3, 7, 37, 11587
List the prime factors of 126788.
2, 29, 1093
List the prime factors of 1049938.
2, 524969
List the prime factors of 2806496.
2, 7, 11, 17, 67
List the prime factors of 186124.
2, 19, 31, 79
List the prime factors of 48636.
2, 3, 7, 193
List the prime factors of 190180.
2, 5, 37, 257
List the prime factors of 504872.
2, 223, 283
List the prime factors of 1158009.
3, 139, 2777
List the prime factors of 1165250.
2, 5, 59, 79
What are the prime factors of 3814796?
2, 953699
List the prime factors of 23351535.
3, 5, 53, 9791
List the prime factors of 705026.
2, 7, 50359
List the prime factors of 26768808.
2, 3, 11, 73, 463
List the prime factors of 560464.
2, 23, 1523
List the prime factors of 11821783.
17, 739, 941
List the prime factors of 617539.
13, 67, 709
List the prime factors of 112958.
2, 56479
What are the prime factors of 985500?
2, 3, 5, 73
List the prime factors of 1089849.
3, 29, 12527
List the prime factors of 1208049.
3, 139, 2897
List the prime factors of 33104.
2, 2069
List the prime factors of 2756716.
2, 59, 11681
List the prime factors of 22205883.
3, 7, 37, 28579
What are the prime factors of 758797?
13, 58369
What are the prime factors of 6866648?
2, 61, 14071
List the prime factors of 10913954.
2, 41, 133097
List the prime factors of 5334549.
3, 11, 17, 37, 257
List the prime factors of 798747.
3, 29, 9181
List the prime factors of 4224120.
2, 3, 5, 35201
List the prime factors of 34226.
2, 109, 157
List the prime factors of 988270.
2, 5, 37, 2671
List the prime factors of 8136273.
3, 23, 117917
List the prime factors of 247016.
2, 7, 11, 401
List the prime factors of 122067.
3, 11, 137
List the prime factors of 16692056.
2, 2086507
What are the prime factors of 1195046?
2, 597523
List the prime factors of 19788427.
1597, 12391
What are the prime factors of 7984195?
5, 1596839
List the prime factors of 112134.
2, 3, 11, 1699
What are the prime factors of 55334?
2, 73, 379
What are the prime factors of 479063?
13, 43, 857
What are the prime factors of 187006?
2, 93503
What are the prime factors of 624404?
2, 11, 23, 617
List the prime factors of 3518854.
2, 1759427
What are the prime factors of 4888005?
3, 5, 229, 1423
List the prime factors of 11181527.
7, 1597361
What are the prime factors of 4913663?
17, 289039
What are the prime factors of 4371750?
2, 3, 5, 29, 67
List the prime factors of 8429470.
2, 5, 7, 17203
List the prime factors of 837811.
13, 17, 223
What are the prime factors of 4600015?
5, 7, 167, 787
What are the prime factors of 351867?
3, 53, 2213
List the prime factors of 5268622.
2, 89, 29599
List the prime factors of 186606.
2, 3, 7, 1481
List the prime factors of 1998100.
2, 5, 13, 29, 53
What are the prime factors of 2212536?
2, 3, 92189
List the prime factors of 205581.
3, 17, 29, 139
What are the prime factors of 5171353?
11, 251, 1873
What are the prime factors of 770363?
11, 59, 1187
What are the prime factors of 17356493?
7, 11, 53, 4253
What are the prime factors of 656168?
2, 82021
What are the prime factors of 4068445?
5, 43, 127, 149
What are the prime factors of 141045?
3, 5, 9403
List the prime factors of 183186.
2, 3, 10177
List the prime factors of 4104348.
2, 3, 571, 599
What are the prime factors of 1529759?
7, 11, 19867
What are the prime factors of 260632?
2, 32579
List the prime factors of 30787961.
19, 23, 47, 1499
List the prime factors of 2891810.
2, 5, 289181
List the prime factors of 20111.
7, 13, 17
List the prime factors of 1326256.
2, 82891
List the prime factors of 32821.
23, 1427
List the prime factors of 6603457.
7, 59, 271
List the prime factors of 281769.
3, 93923
What are the prime factors of 14448176?
2, 47, 19213
What are the prime factors of 17706975?
3, 5, 11, 13, 127
What are the prime factors of 1499268?
2, 3, 103, 1213
List the prime factors of 265066.
2, 132533
What are the prime factors of 41731?
29, 1439
List the prime factors of 561161.
561161
List the prime factors of 20228526.
2, 3, 1123807
What are the prime f